b9c9?
-20b9d3
In base 7, what is 3 + 4416324113?
4416324116
In base 14, what is -3 - 630ac29?
-630ac2c
In base 9, what is 551 - 162613?
-162052
In base 9, what is 2404 + 15561?
18065
In base 5, what is -103 - 22240223?
-22240331
In base 4, what is 13301 - -2221022200?
2221102101
In base 8, what is -2523560 - -14?
-2523544
In base 9, what is -23884155 - -2?
-23884153
In base 8, what is -21 - 5714115?
-5714136
In base 3, what is 21010122102 - 11000?
21010111102
In base 9, what is 40463 + -524?
38838
In base 11, what is -14016 + -2494?
-164aa
In base 14, what is -d75a7 - a?
-d75b3
In base 2, what is -111011010100111101110 + -10001011?
-111011010101001111001
In base 16, what is 39855 + a6?
398fb
In base 6, what is -433 - 202225155?
-202230032
In base 6, what is 131 - -503121251?
503121422
In base 13, what is 1c026 - -b8?
1c111
In base 16, what is 2de8 + 9c57?
ca3f
In base 2, what is 110010001100110100 + 101101?
110010001101100001
In base 12, what is 23bb9 + 113?
24110
In base 6, what is 4430 + 1152112?
1200542
In base 8, what is 210344 - 7432?
200712
In base 2, what is 11010010001101101 + 1010000101?
11010011011110010
In base 3, what is 22 - 2100122121020001?
-2100122121012202
In base 9, what is 0 + 128011?
128011
In base 13, what is 14 + 348108b?
34810a2
In base 8, what is 57144034 + -1?
57144033
In base 2, what is 110111011110100011000110010 - 1000?
110111011110100011000101010
In base 14, what is 59 - -24dd5?
25050
In base 10, what is 65206625 - -1?
65206626
In base 15, what is -1ce5 + -14e6?
-32db
In base 12, what is -10a83 - 0?
-10a83
In base 13, what is -17353176 + 3?
-17353173
In base 8, what is -15555 + -1374?
-17151
In base 8, what is 12455374 - 72?
12455302
In base 2, what is -110011101 + 1000000111111011?
1000000001011110
In base 7, what is -150 - -4344656?
4344506
In base 12, what is -5149677 - 3?
-514967a
In base 14, what is -75 + 14447?
143b2
In base 14, what is -4 + 394dd1?
394dcb
In base 16, what is 1fa + 15c?
356
In base 5, what is 1210441401 + 0?
1210441401
In base 14, what is 41aa81b + -4?
41aa817
In base 7, what is -4 - 233612014?
-233612021
In base 12, what is 225919 - -38?
225955
In base 16, what is 2b0b2b03 + 4?
2b0b2b07
In base 6, what is -5 - 101352124?
-101352133
In base 10, what is 5 - -150961?
150966
In base 8, what is -150331 + 1117?
-147212
In base 2, what is -100111000010110000011010101 - 10?
-100111000010110000011010111
In base 11, what is 46a24a + -165?
46a095
In base 9, what is 2 + -17827733?
-17827731
In base 11, what is 103 + -485a71?
-485969
In base 5, what is 40233 + 22100?
112333
In base 4, what is -113 + -310302332?
-310303111
In base 9, what is -47888 - 1272?
-50271
In base 13, what is -234734b15 + 3?
-234734b12
In base 5, what is 2200320322 + 1?
2200320323
In base 5, what is -241234 - 102001?
-343240
In base 6, what is -13 - -5012121?
5012104
In base 10, what is -1536 - -60501?
58965
In base 16, what is -6 - -201c51?
201c4b
In base 9, what is 0 + 37845575?
37845575
In base 6, what is -125511 - -30012?
-55455
In base 5, what is -230323210 + 21?
-230323134
In base 9, what is -2 - 5467587?
-5467600
In base 3, what is -12 - -20220120202212?
20220120202200
In base 15, what is 58261 - -28?
58289
In base 13, what is 180310455 + 3?
180310458
In base 15, what is 0 + 1644b1?
1644b1
In base 10, what is 703 - 26655?
-25952
In base 13, what is 5 + -208cc9c8?
-208cc9c3
In base 15, what is -219803 - e?
-219812
In base 5, what is -1330412440 - -1110?
-1330411330
In base 6, what is 425433 + -55?
425334
In base 5, what is 22024132023 + 1?
22024132024
In base 12, what is 32 - 12469?
-12437
In base 8, what is -1035 + -37112?
-40147
In base 6, what is -121 - -3250412?
3250251
In base 3, what is 2120222120200 + -1010?
2120222112120
In base 2, what is 1100111 + 10001111000001?
10010000101000
In base 13, what is 1a5 + 174b0?
17685
In base 8, what is 2 - -51564204?
51564206
In base 7, what is -315124 + 111?
-315013
In base 16, what is -bd1c6b - -4?
-bd1c67
In base 5, what is -2202304 + -1111?
-2203420
In base 16, what is 2 - -83bc2e?
83bc30
In base 7, what is 3145515 + 451?
3146266
In base 5, what is -220 + -11023202?
-11023422
In base 12, what is -64 - 6654?
-66b8
In base 16, what is 10042 + -2f8?
fd4a
In base 3, what is -120212110000102112 - -1?
-120212110000102111
In base 8, what is 2226473 + 5?
2226500
In base 9, what is 3423747 - 12?
3423735
In base 8, what is 21465 + 10413?
32100
In base 16, what is -1804 - -d89d?
c099
In base 6, what is -3554224 - 54?
-3554322
In base 2, what is 1011101 + -10001111110010100?
-10001111100110111
In base 15, what is 84 - -16202?
16286
In base 16, what is -145bc37 - 4?
-145bc3b
In base 15, what is -ecc14 - -832?
-ec3d2
In base 8, what is -762 + 400672?
377710
In base 13, what is b3 - 2732a?
-27247
In base 2, what is -100001100 + 1000110000001000100?
1000101111100111000
In base 9, what is 4 + 13760024?
13760028
In base 15, what is -3b8a8b - -14?
-3b8a77
In base 13, what is 525939 + -c?
52592a
In base 13, what is 1c29b2a + 8?
1c29b35
In base 2, what is 1011110111111000 - -100?
1011110111111100
In base 3, what is -1 + 102110212121001001?
102110212121001000
In base 14, what is 5 - -dd5382?
dd5387
In base 10, what is -619271 - -2?
-619269
In base 8, what is -417465 + 15?
-417450
In base 4, what is -323332013020 - -1?
-323332013013
In base 15, what is 15 + 71aa1?
71ab6
In base 3, what is -1 + -12020200012120?
-12020200012121
In base 15, what is -ad47 + 297?
-aaa0
In base 2, what is -11 - -1110110110100010111000?
1110110110100010110101
In base 14, what is a8668d3 + 2?
a8668d5
In base 2, what is -100111110101111111101111 + -1?
-100111110101111111110000
In base 10, what is -106 + -1660?
-1766
In base 8, what is -65603154 + -1?
-65603155
In base 3, what is -1220010 + 11101102?
2111022
In base 13, what is 258 - -27a3?
2a2b
In base 16, what is 8e065b + 5?
8e0660
In base 11, what is -64951a26 - -5?
-64951a21
In base 11, what is 14a - 155963?
-155814
In base 6, what is 4 - -10124530?
10124534
In base 11, what is -1104888a - -9?
-11048881
In base 5, what is -414023423422 + -3?
-414023423430
In base 5, what is -1220 + -3312240?
-3314010
In base 14, what is b + -225c47?
-225c3a
In base 6, what is 3214 + -330142?
-322524
In base 4, what is -2220110 - 10100020?
-12320130
In base 15, what is 4 + cbcc6?
cbcca
In base 3, what is -20012022000122 + 20?
-20012022000102
In base 14, what is -4db2 + -2221?
-71d3
In base 9, what is 10 + -14837132?
-14837122
In base 8, what is -130015366 - 14?
-130015402
In base 8, what is -535746040 + 2?
-535746036
In base 13, what is 2957aa - 2?
2957a8
In base 13, what is 4 - 4680c5b?
-4680c57
In base 6, what is -4421 + 245403?
240542
In base 16, what is -1f22 - 8c6?
-27e8
In base 2, what is 101 - -110101110111010110111110000?
110101110111010110111110101
In base 2, what is 11001101 + -10001100100001?
-10001001010100
In base 12, what is -4 - 6673512?
-6673516
In base 12, what is -138 - -744?
608
In base 8, what is 723350 + 32?
723402
In base 2, what is 10001010000 + -101100001100101?
-101010000010101
In base 6, what is -3543454 - 50?
-3543544
In base 7, what is 14362356 + 1?
14362360
In base 5, what is 24011 + -3011400?
-2432334
In base 15, what is 2cc94 - -1dd?
2ce82
In base 8, what is -242 - -145431?
145167
In base 10, what is 54597 - -1116?
55713
In base 10, what is -926691 + -449?
-927140
In base 13, what is aa + -91133?
-91056
In base 10, what is 7332098 - -3?
7332101
In base 5, what is -10120344 - 11203?
-10132102
In base 8, what is -77706 + -1536?
-101444
In base 16, what is 5 - -15ee4e?
15ee53
In base 12, what is 352 - bbb07?
-bb775
In base 13, what is -3 - -160a92a?
160a927
In base 15, what is 606d42 + -5?
606d3c
In base 2, what is -1101010010010001011101 - 101110?
-1101010010010010001011
In base 12, what is -1703b32 - 5?
-1703b37
In base 12, what is b + -1235a828?
-1235a819
In base 10, what is 109885073 + -1?
109885072
In base 11, what is 50 - 4aa34?
-4a994
In base 2, what is 11100000101100 - 10100001110?
11001100011110
In base 16, what is 0 + -1b5bd2?
-1b5bd2
In base 5, what is 0 + 241200021204?
241200021204
In base 2, what is 1110111100001001011001 + 11?
1110111100001001011100
In base 8, what is -600 - -11522?
10722
In base 14, what is -8 + 464a22?
464a18
In base 13, what i